[INFO] fetching crate roa-core 0.5.0...
[INFO] checking roa-core-0.5.0 against try#72f88fc4e9458f89516a0b8b0868f3718aec5b47 for pr-74989
[INFO] extracting crate roa-core 0.5.0 into /workspace/builds/worker-7/source
[INFO] validating manifest of crates.io crate roa-core 0.5.0 on toolchain 72f88fc4e9458f89516a0b8b0868f3718aec5b47
[INFO] running `Command { std: "/workspace/cargo-home/bin/cargo" "+72f88fc4e9458f89516a0b8b0868f3718aec5b47" "read-manifest" "--manifest-path" "Cargo.toml", kill_on_drop: false }`
[INFO] started tweaking crates.io crate roa-core 0.5.0
[INFO] finished tweaking crates.io crate roa-core 0.5.0
[INFO] tweaked toml for crates.io crate roa-core 0.5.0 written to /workspace/builds/worker-7/source/Cargo.toml
[INFO] running `Command { std: "/workspace/cargo-home/bin/cargo" "+72f88fc4e9458f89516a0b8b0868f3718aec5b47" "generate-lockfile" "--manifest-path" "Cargo.toml" "-Zno-index-update", kill_on_drop: false }`
[INFO] running `Command { std: "/workspace/cargo-home/bin/cargo" "+72f88fc4e9458f89516a0b8b0868f3718aec5b47" "fetch" "--locked" "--manifest-path" "Cargo.toml", kill_on_drop: false }`
[INFO] [stderr]     Blocking waiting for file lock on package cache
[INFO] running `Command { std: "docker" "create" "-v" "/var/lib/crater-agent-workspace/builds/worker-7/target:/opt/rustwide/target:rw,Z" "-v" "/var/lib/crater-agent-workspace/builds/worker-7/source:/opt/rustwide/workdir:ro,Z" "-v" "/var/lib/crater-agent-workspace/cargo-home:/opt/rustwide/cargo-home:ro,Z" "-v" "/var/lib/crater-agent-workspace/rustup-home:/opt/rustwide/rustup-home:ro,Z" "-e" "SOURCE_DIR=/opt/rustwide/workdir" "-e" "CARGO_TARGET_DIR=/opt/rustwide/target" "-e" "CARGO_HOME=/opt/rustwide/cargo-home" "-e" "RUSTUP_HOME=/opt/rustwide/rustup-home" "-w" "/opt/rustwide/workdir" "-m" "1610612736" "--user" "0:0" "--network" "none" "rustops/crates-build-env@sha256:d92eaeed33fa75130ca1ee6c8a01d1ffb62bac859dfdfb3450e3e5d1c0146529" "/opt/rustwide/cargo-home/bin/cargo" "+72f88fc4e9458f89516a0b8b0868f3718aec5b47" "metadata" "--no-deps" "--format-version=1", kill_on_drop: false }`
[INFO] [stdout] 306505cfb524a7a51a64c1de253847fe1cf3f88e781b2a70ab4fae22f99bd57c
[INFO] [stderr] WARNING: Your kernel does not support swap limit capabilities or the cgroup is not mounted. Memory limited without swap.
[INFO] running `Command { std: "docker" "start" "-a" "306505cfb524a7a51a64c1de253847fe1cf3f88e781b2a70ab4fae22f99bd57c", kill_on_drop: false }`
[INFO] running `Command { std: "docker" "inspect" "306505cfb524a7a51a64c1de253847fe1cf3f88e781b2a70ab4fae22f99bd57c", kill_on_drop: false }`
[INFO] running `Command { std: "docker" "rm" "-f" "306505cfb524a7a51a64c1de253847fe1cf3f88e781b2a70ab4fae22f99bd57c", kill_on_drop: false }`
[INFO] [stdout] 306505cfb524a7a51a64c1de253847fe1cf3f88e781b2a70ab4fae22f99bd57c
[INFO] running `Command { std: "docker" "create" "-v" "/var/lib/crater-agent-workspace/builds/worker-7/target:/opt/rustwide/target:rw,Z" "-v" "/var/lib/crater-agent-workspace/builds/worker-7/source:/opt/rustwide/workdir:ro,Z" "-v" "/var/lib/crater-agent-workspace/cargo-home:/opt/rustwide/cargo-home:ro,Z" "-v" "/var/lib/crater-agent-workspace/rustup-home:/opt/rustwide/rustup-home:ro,Z" "-e" "SOURCE_DIR=/opt/rustwide/workdir" "-e" "CARGO_TARGET_DIR=/opt/rustwide/target" "-e" "CARGO_INCREMENTAL=0" "-e" "RUST_BACKTRACE=full" "-e" "RUSTFLAGS=--cap-lints=forbid" "-e" "CARGO_HOME=/opt/rustwide/cargo-home" "-e" "RUSTUP_HOME=/opt/rustwide/rustup-home" "-w" "/opt/rustwide/workdir" "-m" "1610612736" "--user" "0:0" "--network" "none" "rustops/crates-build-env@sha256:d92eaeed33fa75130ca1ee6c8a01d1ffb62bac859dfdfb3450e3e5d1c0146529" "/opt/rustwide/cargo-home/bin/cargo" "+72f88fc4e9458f89516a0b8b0868f3718aec5b47" "check" "--frozen" "--all" "--all-targets" "--message-format=json", kill_on_drop: false }`
[INFO] [stdout] 885c12aebca4343eeed0702fd8cb4e65d147b6e4d49b054a788c24c799f66f8c
[INFO] [stderr] WARNING: Your kernel does not support swap limit capabilities or the cgroup is not mounted. Memory limited without swap.
[INFO] running `Command { std: "docker" "start" "-a" "885c12aebca4343eeed0702fd8cb4e65d147b6e4d49b054a788c24c799f66f8c", kill_on_drop: false }`
[INFO] [stderr]    Compiling proc-macro2 v1.0.21
[INFO] [stderr]    Compiling unicode-xid v0.2.1
[INFO] [stderr]    Compiling syn v1.0.40
[INFO] [stderr]    Compiling log v0.4.11
[INFO] [stderr]     Checking cfg-if v0.1.10
[INFO] [stderr]     Checking futures-core v0.3.5
[INFO] [stderr]    Compiling memchr v2.3.3
[INFO] [stderr]    Compiling autocfg v1.0.1
[INFO] [stderr]    Compiling wasm-bindgen-shared v0.2.68
[INFO] [stderr]     Checking futures-io v0.3.5
[INFO] [stderr]     Checking futures-sink v0.3.5
[INFO] [stderr]     Checking once_cell v1.4.1
[INFO] [stderr]    Compiling libc v0.2.77
[INFO] [stderr]     Checking pin-project-lite v0.1.7
[INFO] [stderr]    Compiling pin-project-internal v0.4.23
[INFO] [stderr]    Compiling bumpalo v3.4.0
[INFO] [stderr]    Compiling lazy_static v1.4.0
[INFO] [stderr]    Compiling proc-macro-nested v0.1.6
[INFO] [stderr]     Checking pin-utils v0.1.0
[INFO] [stderr]    Compiling proc-macro-hack v0.5.18
[INFO] [stderr]     Checking fnv v1.0.7
[INFO] [stderr]    Compiling wasm-bindgen v0.2.68
[INFO] [stderr]     Checking slab v0.4.2
[INFO] [stderr]     Checking bytes v0.5.6
[INFO] [stderr]     Checking cache-padded v1.1.1
[INFO] [stderr]     Checking fastrand v1.3.5
[INFO] [stderr]     Checking parking v2.0.0
[INFO] [stderr]     Checking waker-fn v1.1.0
[INFO] [stderr]     Checking itoa v0.4.6
[INFO] [stderr]     Checking hashbrown v0.9.0
[INFO] [stderr]     Checking event-listener v2.4.0
[INFO] [stderr]    Compiling maybe-uninit v2.0.0
[INFO] [stderr]    Compiling httparse v1.3.4
[INFO] [stderr]     Checking async-task v3.0.0
[INFO] [stderr]     Checking vec-arena v0.5.2
[INFO] [stderr]     Checking try-lock v0.2.3
[INFO] [stderr]     Checking send_wrapper v0.4.0
[INFO] [stderr]     Checking parking v1.0.6
[INFO] [stderr]     Checking atomic-waker v1.0.0
[INFO] [stderr]     Checking scoped-tls v1.0.0
[INFO] [stderr]     Checking tower-service v0.3.0
[INFO] [stderr]     Checking futures-channel v0.3.5
[INFO] [stderr]     Checking futures-task v0.3.5
[INFO] [stderr]     Checking tracing-core v0.1.16
[INFO] [stderr]     Checking concurrent-queue v1.2.2
[INFO] [stderr]     Checking async-mutex v1.3.0
[INFO] [stderr]    Compiling indexmap v1.6.0
[INFO] [stderr]    Compiling crossbeam-utils v0.7.2
[INFO] [stderr]     Checking multitask v0.2.0
[INFO] [stderr]     Checking async-channel v1.4.2
[INFO] [stderr]     Checking http v0.2.1
[INFO] [stderr]     Checking want v0.3.0
[INFO] [stderr]     Checking kv-log-macro v1.0.7
[INFO] [stderr]     Checking tokio v0.2.22
[INFO] [stderr]     Checking futures-lite v0.1.11
[INFO] [stderr]     Checking tracing v0.1.19
[INFO] [stderr]    Compiling quote v1.0.7
[INFO] [stderr]     Checking crossbeam-queue v0.2.3
[INFO] [stderr]     Checking polling v0.1.9
[INFO] [stderr]     Checking socket2 v0.3.15
[INFO] [stderr]     Checking time v0.1.44
[INFO] [stderr]     Checking num_cpus v1.13.0
[INFO] [stderr]     Checking blocking v0.5.2
[INFO] [stderr]     Checking async-io v0.1.11
[INFO] [stderr]     Checking async-executor v0.1.2
[INFO] [stderr]     Checking http-body v0.3.1
[INFO] [stderr]     Checking tokio-util v0.3.1
[INFO] [stderr]    Compiling wasm-bindgen-backend v0.2.68
[INFO] [stderr]    Compiling wasm-bindgen-macro-support v0.2.68
[INFO] [stderr]    Compiling futures-macro v0.3.5
[INFO] [stderr]    Compiling async-attributes v1.1.1
[INFO] [stderr]    Compiling async-trait v0.1.40
[INFO] [stderr]    Compiling wasm-bindgen-macro v0.2.68
[INFO] [stderr]     Checking pin-project v0.4.23
[INFO] [stderr]     Checking js-sys v0.3.45
[INFO] [stderr]     Checking futures-util v0.3.5
[INFO] [stderr]     Checking web-sys v0.3.45
[INFO] [stderr]     Checking h2 v0.2.6
[INFO] [stderr]     Checking futures-executor v0.3.5
[INFO] [stderr]     Checking futures v0.3.5
[INFO] [stderr]     Checking gloo-timers v0.2.1
[INFO] [stderr]     Checking futures-timer v3.0.2
[INFO] [stderr]     Checking async-std v1.6.3
[INFO] [stderr]     Checking hyper v0.13.7
[INFO] [stderr]     Checking roa-core v0.5.0 (/opt/rustwide/workdir)
[INFO] [stdout] error[E0599]: no function or associated item named `new` found for struct `App<_, _>` in the current scope
[INFO] [stdout]    --> src/middleware.rs:325:24
[INFO] [stdout]     |
[INFO] [stdout] 325 |         let app = App::new().end(status!(StatusCode::BAD_REQUEST));
[INFO] [stdout]     |                        ^^^ function or associated item not found in `App<_, _>`
[INFO] [stdout]     | 
[INFO] [stdout]    ::: src/app.rs:85:1
[INFO] [stdout]     |
[INFO] [stdout] 85  | pub struct App<S, T> {
[INFO] [stdout]     | -------------------- function or associated item `new` not found for this
[INFO] [stdout] 
[INFO] [stdout] 
[INFO] [stdout] error[E0599]: no function or associated item named `new` found for struct `App<_, _>` in the current scope
[INFO] [stdout]    --> src/middleware.rs:333:24
[INFO] [stdout]     |
[INFO] [stdout] 333 |         let app = App::new().end(HELLO.to_owned());
[INFO] [stdout]     |                        ^^^ function or associated item not found in `App<_, _>`
[INFO] [stdout]     | 
[INFO] [stdout]    ::: src/app.rs:85:1
[INFO] [stdout]     |
[INFO] [stdout] 85  | pub struct App<S, T> {
[INFO] [stdout]     | -------------------- function or associated item `new` not found for this
[INFO] [stdout] 
[INFO] [stdout] 
[INFO] [stdout] error[E0599]: no function or associated item named `new` found for struct `App<_, _>` in the current scope
[INFO] [stdout]    --> src/middleware.rs:348:24
[INFO] [stdout]     |
[INFO] [stdout] 348 |         let app = App::new().end(HELLO);
[INFO] [stdout]     |                        ^^^ function or associated item not found in `App<_, _>`
[INFO] [stdout]     | 
[INFO] [stdout]    ::: src/app.rs:85:1
[INFO] [stdout]     |
[INFO] [stdout] 85  | pub struct App<S, T> {
[INFO] [stdout]     | -------------------- function or associated item `new` not found for this
[INFO] [stdout] 
[INFO] [stdout] 
[INFO] [stdout] error[E0599]: no function or associated item named `new` found for struct `App<_, _>` in the current scope
[INFO] [stdout]    --> src/middleware.rs:363:24
[INFO] [stdout]     |
[INFO] [stdout] 363 |         let app = App::new().end("/target".parse::<Uri>().unwrap());
[INFO] [stdout]     |                        ^^^ function or associated item not found in `App<_, _>`
[INFO] [stdout]     | 
[INFO] [stdout]    ::: src/app.rs:85:1
[INFO] [stdout]     |
[INFO] [stdout] 85  | pub struct App<S, T> {
[INFO] [stdout]     | -------------------- function or associated item `new` not found for this
[INFO] [stdout] 
[INFO] [stdout] 
[INFO] [stdout] warning: unused import: `AsyncReadExt`
[INFO] [stdout]    --> src/middleware.rs:317:19
[INFO] [stdout]     |
[INFO] [stdout] 317 |     use futures::{AsyncReadExt, TryStreamExt};
[INFO] [stdout]     |                   ^^^^^^^^^^^^
[INFO] [stdout]     |
[INFO] [stdout]     = note: `#[warn(unused_imports)]` on by default
[INFO] [stdout] 
[INFO] [stdout] 
[INFO] [stdout] warning: unused import: `TryStreamExt`
[INFO] [stdout]    --> src/middleware.rs:317:33
[INFO] [stdout]     |
[INFO] [stdout] 317 |     use futures::{AsyncReadExt, TryStreamExt};
[INFO] [stdout]     |                                 ^^^^^^^^^^^^
[INFO] [stdout] 
[INFO] [stdout] 
[INFO] [stdout] error: aborting due to 4 previous errors; 2 warnings emitted
[INFO] [stdout] 
[INFO] [stdout] 
[INFO] [stdout] For more information about this error, try `rustc --explain E0599`.
[INFO] [stdout] 
[INFO] [stderr] error: could not compile `roa-core`.
[INFO] [stderr] 
[INFO] [stderr] To learn more, run the command again with --verbose.
[INFO] running `Command { std: "docker" "inspect" "885c12aebca4343eeed0702fd8cb4e65d147b6e4d49b054a788c24c799f66f8c", kill_on_drop: false }`
[INFO] running `Command { std: "docker" "rm" "-f" "885c12aebca4343eeed0702fd8cb4e65d147b6e4d49b054a788c24c799f66f8c", kill_on_drop: false }`
[INFO] [stdout] 885c12aebca4343eeed0702fd8cb4e65d147b6e4d49b054a788c24c799f66f8c
